 is -1 - 111?
-112
In base 15, what is 2 + 45?
47
In base 5, what is 3 - 24?
-21
In base 6, what is 5332 - 3?
5325
In base 13, what is 9 - 693?
-687
In base 6, what is 1 - 10421?
-10420
In base 13, what is 1 + -b2?
-b1
In base 14, what is -50 - -5?
-49
In base 14, what is a - a4d?
-a43
In base 7, what is 35 + -326?
-261
In base 16, what is 1 + -22a?
-229
In base 16, what is -fc + 6?
-f6
In base 3, what is 10 + 11202001?
11202011
In base 9, what is -56 - -4?
-52
In base 11, what is -4 - -1101?
10a8
In base 13, what is -86 - 3a?
-c3
In base 11, what is -1 + -34?
-35
In base 15, what is -3 - ad6?
-ad9
In base 3, what is 12 - -1222211?
2000000
In base 10, what is 81 - 5?
76
In base 3, what is -10 + 1010022?
1010012
In base 2, what is 1011 - -1000?
10011
In base 11, what is -31 - 36?
-67
In base 16, what is -11 - dd?
-ee
In base 2, what is 0 + 100011110?
100011110
In base 8, what is 5652 - 1?
5651
In base 9, what is 87 + -8?
78
In base 7, what is -25 + 124?
66
In base 9, what is -4 + 13?
8
In base 10, what is 119 - 25?
94
In base 2, what is 0 - 10001110011010?
-10001110011010
In base 15, what is 49c + -4?
498
In base 10, what is 108 - 0?
108
In base 6, what is 10 + 34?
44
In base 15, what is b2b - 3?
b28
In base 3, what is 201201 - 12?
201112
In base 2, what is -110111 - -1?
-110110
In base 9, what is -2527 - -11?
-2516
In base 13, what is -1960 - 1?
-1961
In base 9, what is -5 - -87?
82
In base 8, what is -2022 + 0?
-2022
In base 11, what is 973 + -2?
971
In base 7, what is 2612 - -1?
2613
In base 12, what is 1 + -376?
-375
In base 6, what is 0 - -413?
413
In base 15, what is -3b - 1?
-3c
In base 13, what is 1 - -62?
63
In base 10, what is -30 + 13?
-17
In base 8, what is 4 + -1060?
-1054
In base 13, what is -13 + -8?
-1b
In base 13, what is 73 - -18?
8b
In base 12, what is -25 + -92?
-b7
In base 9, what is -67 - 1?
-68
In base 6, what is -5 - -31421?
31412
In base 6, what is -120 + 520?
400
In base 11, what is 17 - 9?
9
In base 8, what is -3 - -2365?
2362
In base 3, what is -1 + -22?
-100
In base 7, what is -1461 - 5?
-1466
In base 10, what is 20 - 20?
0
In base 6, what is -1005 + -2?
-1011
In base 4, what is 2 - -1123?
1131
In base 11, what is 2531 - 0?
2531
In base 9, what is 586 - 2?
584
In base 6, what is 2 + -241?
-235
In base 2, what is 10010 - 110?
1100
In base 3, what is 1111 + 210000?
211111
In base 6, what is -2 - 25?
-31
In base 6, what is 1 - 5414?
-5413
In base 9, what is -10377 + 2?
-10375
In base 11, what is -628 - -5?
-623
In base 5, what is -221 + -3?
-224
In base 3, what is -12 + 1121110?
1121021
In base 13, what is -4c - 0?
-4c
In base 13, what is -5 + -80?
-85
In base 15, what is 7296 - 0?
7296
In base 14, what is 0 - -30?
30
In base 10, what is 94 - -23?
117
In base 5, what is 3140 - -2?
3142
In base 9, what is 30 + -117?
-77
In base 11, what is 4 + 4aa6?
4aaa
In base 13, what is -c - -c?
0
In base 11, what is 72a9 - 3?
72a6
In base 11, what is -116 - -1?
-115
In base 12, what is 183 - 0?
183
In base 4, what is 2 + -1121?
-1113
In base 5, what is -10 - -1441?
1431
In base 6, what is 0 + 24?
24
In base 14, what is 2 - -580?
582
In base 9, what is 4 - 76?
-72
In base 3, what is -2 + -1002100?
-1002102
In base 5, what is 2 + -111404?
-111402
In base 16, what is -2 + b71?
b6f
In base 5, what is 3 - -22?
30
In base 3, what is 12 + 21101?
21120
In base 8, what is 7 - 267?
-260
In base 13, what is 3 + -171?
-16b
In base 3, what is 100 - 101?
-1
In base 13, what is -2 - 129?
-12b
In base 4, what is 12 - 200?
-122
In base 6, what is 2 - 20425?
-20423
In base 15, what is 1 + 764?
765
In base 8, what is 325 - -26?
353
In base 8, what is -101 + 37?
-42
In base 4, what is -22 + -12?
-100
In base 13, what is 1114 - -3?
1117
In base 15, what is -c - -c0?
b3
In base 3, what is -2000 - 0?
-2000
In base 8, what is 1651 - 3?
1646
In base 11, what is 5575 + 3?
5578
In base 6, what is -25510 - -5?
-25501
In base 4, what is 130 + -13?
111
In base 15, what is -12d + -6?
-134
In base 13, what is 115 + -3?
112
In base 4, what is -1 + -1102023?
-1102030
In base 8, what is 765 + 4?
771
In base 7, what is -5 + 42?
34
In base 10, what is 322 - 5?
317
In base 6, what is -24 + -21?
-45
In base 2, what is 1001110 + -1011?
1000011
In base 9, what is 3 + -10?
-6
In base 13, what is -1 - 6b?
-6c
In base 15, what is 0 + 19?
19
In base 10, what is -8 + 19?
11
In base 4, what is 31333 - -2?
32001
In base 11, what is 60 - 45?
16
In base 11, what is 5 - -9?
13
In base 3, what is -111002 - -112?
-110120
In base 2, what is 100 + -1101?
-1001
In base 10, what is -102 + -49?
-151
In base 4, what is -20 + -2?
-22
In base 15, what is -1 + 1c6?
1c5
In base 13, what is -24 - -9a?
76
In base 10, what is -182 - 1?
-183
In base 2, what is -1000 + 10110?
1110
In base 15, what is 10 - 4?
b
In base 16, what is 86 - -5?
8b
In base 3, what is 1202202 + 1?
1202210
In base 4, what is -2133121 - -11?
-2133110
In base 6, what is 5 - 311?
-302
In base 7, what is -3 - 353?
-356
In base 6, what is 532 - 4?
524
In base 8, what is -17 + -3?
-22
In base 10, what is -17 + -184?
-201
In base 14, what is 44 - cc?
-88
In base 15, what is -3a4 + 13?
-391
In base 12, what is 8 - 133?
-127
In base 13, what is 32 - -18?
4a
In base 15, what is 5 - 45?
-40
In base 8, what is -4 + -156?
-162
In base 14, what is 23 + -1?
22
In base 15, what is 30 - -9?
39
In base 8, what is 22 - 276?
-254
In base 7, what is 1 + -114?
-113
In base 7, what is -3 - 351?
-354
In base 16, what is -2 - 948?
-94a
In base 14, what is 29d - 18?
285
In base 4, what is 2100 - 1?
2033
In base 11, what is 58a + 5?
594
In base 3, what is 202112 + -10?
202102
In base 5, what is 1112 - -43?
1210
In base 8, what is 4 + 1273?
1277
In base 3, what is 10 - 1021122?
-1021112
In base 16, what is 6 + 15?
1b
In base 6, what is 554 + -5?
545
In base 4, what is -1 + -1133?
-1200
In base 4, what is 0 + 3221?
3221
In base 12, what is -3 + 2721?
271a
In base 5, what is -133 + -1?
-134
In base 13, what is -5 - -6?
1
In base 5, what is 10 - -1000?
1010
In base 14, what is -14 + 59?
45
In base 7, what is -2 - 2255?
-2260
In base 13, what is -c + 3?
-9
In base 15, what is -35 - -e0?
aa
In base 14, what is 8 - 7?
1
In base 4, what is 3 + 2032?
2101
In base 7, what is 26 + 4?
33
In base 2, what is -100000100 - -10100?
-11110000
In base 15, what is -472 + 0?
-472
In base 5, what is -203 - 0?
-203
In base 5, what is -243122 - -10?
-243112
In base 10, what is 119 + 6?
125
In base 3, what is -11010 - 0?
-11010
In base 10, what is -1417 + 0?
-1417
In base 8, what is 0 - -466?
466
In base 10, what is 3 + 1090?
1093
In base 14, what is 10 + -437?
-427
In base 11, what is 3 - 21?
-19
In base 13, what is -c9 + 5?
-c4
In base 6, what is 14 - -3151?
3205
In base 6, what is 32102 + 0?
32102
In base 5, what is -31 - 13420?
-14001
In base 2, what is -10111 - -1001?
-1110
In base 10, what is -66 + 5?
-61
In base 5, what is -11 - 1321?
-1332
In base 16, what is -27 + -42?
-69
In base 15, what is 1051 - 1?
1050
In base 3, what is 1211 + -12102?
-10121
In base 5, what is 4 - 400?
-341
In base 10, what is -63 + 28?
-35
In base 12, what is 3 + 7b4?
7b7
In base 16, what is 5 + -181?
-17c
In base 11, what is 15 + 18a?
1a4
In base 10, what is -5 - 1128?
-1133
In base 10, what is -598 + -7?
-605
In base 7, what is 343 + 12?
355
In base 8, what is 43 - -154?
217
In base 14, what is 24 + -10a?
-c6
In base 8, what is 67 - 51?
16
In base 16, what is -1ec6 - -1?
-1ec5
In base 14, what is 3 + 6a?
6d
In base 5, what is 4232 + -114?
4113
In base 14, what is -5 + -172?
-177
In base 10, what is -3 + -45?
-48
In base 10, what is 1 - -18?
19
In base 6, what is -4 - 204?
-212
In base 6, what is 35050 - 1?
35045
In base 11, what is a6 - 5?
a1
In base 5, what is 103 + -11?
42
In base 9, what is 134 + 1?
135
In base 10, what is -26 + 416?
390
In base 7, what is 20 + 4?
24
In base 6, what is 21 - -310?
331
In base 13, what is -310 - 0?
-310
In base 13, what is -891 - 0?
-891
In base 2, what is 1 + -11111010111?
-11111010110
In base 9, what is 85 - -8?
104
In base 7, what is -136 - 3?
-142
In base 7, what is 4 + 63?
100
In base 13, what is 5 - -352?
357
In base 5, what is 10 - -204?
214
In base 13, what is 195 - 2?
193
In base 4, what is -2220003 - -11?
-2213332
In base 2, what is 1111110 